s the tens digit of 631188838?
3
What is the hundred millions digit of 1691554214?
6
What is the tens digit of 363058535?
3
What is the millions digit of 3361987834?
1
What is the ten millions digit of 62269022?
6
What is the millions digit of 1668783461?
8
What is the hundred thousands digit of 307505594?
5
What is the hundreds digit of 152650044?
0
What is the ten thousands digit of 48071858?
7
What is the hundred thousands digit of 467511?
4
What is the ten millions digit of 2455726613?
5
What is the hundred millions digit of 333313347?
3
What is the tens digit of 111811116?
1
What is the millions digit of 7053112?
7
What is the tens digit of 131880813?
1
What is the hundred thousands digit of 38060513?
0
What is the hundreds digit of 8135854?
8
What is the hundreds digit of 180733598?
5
What is the units digit of 32987749?
9
What is the billions digit of 1407110908?
1
What is the ten thousands digit of 6842353?
4
What is the hundred thousands digit of 103622179?
6
What is the hundred thousands digit of 4788197499?
1
What is the ten millions digit of 86477735?
8
What is the hundreds digit of 74792660?
6
What is the hundred thousands digit of 1721986?
7
What is the tens digit of 4467988802?
0
What is the tens digit of 100604686?
8
What is the hundred millions digit of 1606005244?
6
What is the ten millions digit of 74832769?
7
What is the thousands digit of 336870655?
0
What is the units digit of 29197571?
1
What is the hundred thousands digit of 57969038?
9
What is the hundred thousands digit of 5909153405?
1
What is the tens digit of 753799442?
4
What is the units digit of 220883193?
3
What is the hundred thousands digit of 1294505865?
5
What is the ten thousands digit of 1303505737?
0
What is the hundreds digit of 29164339?
3
What is the ten thousands digit of 46294086?
9
What is the thousands digit of 78011506?
1
What is the thousands digit of 49615380?
5
What is the ten thousands digit of 284982709?
8
What is the ten thousands digit of 359206051?
0
What is the tens digit of 161815673?
7
What is the units digit of 183888841?
1
What is the hundreds digit of 2275863227?
2
What is the thousands digit of 704825574?
5
What is the ten millions digit of 53448695?
5
What is the millions digit of 225581698?
5
What is the units digit of 315687924?
4
What is the hundred millions digit of 398763142?
3
What is the thousands digit of 819684918?
4
What is the thousands digit of 81315346?
5
What is the hundreds digit of 709651056?
0
What is the hundreds digit of 2492918?
9
What is the units digit of 37941700?
0
What is the ten thousands digit of 1644285479?
8
What is the units digit of 497594930?
0
What is the ten thousands digit of 6996226574?
2
What is the hundred thousands digit of 494261106?
2
What is the units digit of 481913353?
3
What is the hundreds digit of 288383204?
2
What is the thousands digit of 372353179?
3
What is the thousands digit of 2950167605?
7
What is the ten millions digit of 988805223?
8
What is the tens digit of 779879696?
9
What is the units digit of 6253237276?
6
What is the millions digit of 1368460714?
8
What is the ten thousands digit of 2983295268?
9
What is the tens digit of 91778538?
3
What is the thousands digit of 79118186?
8
What is the thousands digit of 24147728?
7
What is the hundred thousands digit of 580903413?
9
What is the hundred thousands digit of 270512579?
5
What is the thousands digit of 140866838?
6
What is the units digit of 288432629?
9
What is the hundreds digit of 19076574?
5
What is the hundred millions digit of 5648013437?
6
What is the ten thousands digit of 453892424?
9
What is the tens digit of 3936526399?
9
What is the hundreds digit of 41931006?
0
What is the tens digit of 10486424?
2
What is the hundred millions digit of 534959454?
5
What is the thousands digit of 13807959?
7
What is the units digit of 1945138311?
1
What is the hundreds digit of 591627302?
3
What is the ten thousands digit of 626872985?
7
What is the units digit of 245821152?
2
What is the hundred thousands digit of 6910816693?
8
What is the hundreds digit of 6385223089?
0
What is the hundred thousands digit of 354788173?
7
What is the ten millions digit of 5850236396?
5
What is the ten thousands digit of 1240876561?
7
What is the tens digit of 47350155?
5
What is the millions digit of 14962577?
4
What is the millions digit of 125960571?
5
What is the units digit of 9043068998?
8
What is the tens digit of 41077913?
1
What is the millions digit of 1947291994?
7
What is the thousands digit of 88468101?
8
What is the millions digit of 327971978?
7
What is the hundred millions digit of 1573431323?
5
What is the units digit of 1100463348?
8
What is the ten millions digit of 411891912?
1
What is the ten thousands digit of 1424844?
2
What is the ten millions digit of 577588411?
7
What is the thousands digit of 706120017?
0
What is the hundred millions digit of 1171637879?
1
What is the units digit of 24013589?
9
What is the units digit of 241670738?
8
What is the hundred thousands digit of 17112723?
1
What is the hundreds digit of 108439190?
1
What is the hundreds digit of 53375822?
8
What is the hundred thousands digit of 30128688?
1
What is the hundreds digit of 135685522?
5
What is the thousands digit of 663088485?
8
What is the units digit of 6732321?
1
What is the hundred millions digit of 233922494?
2
What is the units digit of 105238813?
3
What is the tens digit of 221441881?
8
What is the thousands digit of 178707719?
7
What is the millions digit of 351820535?
1
What is the billions digit of 2999009906?
2
What is the millions digit of 1400918878?
0
What is the hundred millions digit of 1663392090?
6
What is the tens digit of 91651289?
8
What is the millions digit of 2276539200?
6
What is the hundred thousands digit of 20048253?
0
What is the tens digit of 15167987?
8
What is the units digit of 104141221?
1
What is the tens digit of 242900601?
0
What is the hundred millions digit of 192737389?
1
What is the units digit of 1247317276?
6
What is the millions digit of 77846013?
7
What is the ten millions digit of 10454065?
1
What is the hundred thousands digit of 383451772?
4
What is the billions digit of 4830221686?
4
What is the millions digit of 58441750?
8
What is the tens digit of 1294643557?
5
What is the thousands digit of 1421972677?
2
What is the hundreds digit of 349237352?
3
What is the thousands digit of 50120460?
0
What is the hundred millions digit of 193057621?
1
What is the tens digit of 45334899?
9
What is the hundreds digit of 1259195830?
8
What is the ten millions digit of 544073494?
4
What is the units digit of 357631766?
6
What is the ten thousands digit of 24686939?
8
What is the ten millions digit of 13237772?
1
What is the thousands digit of 489321843?
1
What is the ten millions digit of 3044503625?
4
What is the thousands digit of 67740756?
0
What is the millions digit of 53314269?
3
What is the tens digit of 490187847?
4
What is the ten millions digit of 2931147928?
3
What is the billions digit of 3471344567?
3
What is the units digit of 606069422?
2
What is the units digit of 80839321?
1
What is the millions digit of 90926508?
0
What is the millions digit of 1801118117?
1
What is the units digit of 2107041429?
9
What is the ten thousands digit of 640003061?
0
What is the ten millions digit of 5397266864?
9
What is the millions digit of 2135232314?
5
What is the ten thousands digit of 2878450727?
5
What is the ten millions digit of 53856823?
5
What is the ten thousands digit of 451057965?
5
What is the millions digit of 969340989?
9
What is the tens digit of 2990700466?
6
What is the hundreds digit of 2405686597?
5
What is the hundred thousands digit of 293604605?
6
What is the ten millions digit of 266582300?
6
What is the units digit of 4028579?
9
What is the thousands digit of 1022984337?
4
What is the tens digit of 24669931?
3
What is the thousands digit of 76756193?
6
What is the tens digit of 25549726?
2
What is the thousands digit of 1287316447?
6
What is the thousands digit of 230864275?
4
What is the thousands digit of 665466809?
6
What is the hundred thousands digit of 23545984?
5
What is the tens digit of 4709221433?
3
What is the hundred thousands digit of 30698362?
6
What is the thousa